uppose -276 - 2580 = -136*a. What is the greatest common factor of a and 987?
21
Let p(m) = 13*m**2 - 16*m - 25. Let y be p(-3). What is the greatest common factor of y and 2408?
28
Let l(w) = -w**3 + 19*w**2 + 61*w + 154. Let f be l(19). What is the highest common factor of f and 303?
101
Suppose 132 = 2*u - 2*o, u + u - 136 = 4*o. Let c be (-26)/117 + (-296)/(-36). What is the greatest common divisor of c and u?
8
Let h be ((-12340)/(-110) - -5) + 4/(-22). Let l = 139 + 17. What is the greatest common factor of h and l?
39
Suppose -3*g + 8766 = 2*j, -72*j + 69*j - g = -13128. What is the highest common divisor of 162 and j?
162
Suppose -5*w - 2*c - 6 = -3*w, -w = -4*c - 17. Let h be -3 + w + -5*872/(-20). Calculate the highest common divisor of 81 and h.
27
Suppose -3*b - 10*v = -586, 4*v - 5*v + 769 = 4*b. Calculate the highest common factor of 320 and b.
64
Let k(n) = -n**2 - 18*n - 31. Let o = -124 - -120. Let u be k(o). Calculate the greatest common factor of 5 and u.
5
Let n be (-5 + -96 + -15)*-4. Suppose m + 19 = s - 2*m, 0 = -s - 3*m + 13. Calculate the highest common divisor of n and s.
16
Suppose 1270 = 2*v + 3990. Let j = -592 - v. Calculate the highest common factor of j and 12.
12
Let f = -164 - -294. Let m = 281 + -261. Calculate the greatest common divisor of f and m.
10
Suppose 0 = -70*r + 14931 + 64169. What is the highest common factor of r and 20?
10
Let c = 213 - 242. Let w = 7 - c. What is the greatest common divisor of w and 36?
36
Let y = 79 + -97. Suppose 3*h - 10 = -1. Let k be -1*h*y/27. What is the highest common factor of k and 3?
1
Suppose -8191 = -72*l - 101*l + 36616. What is the highest common divisor of 1850 and l?
37
Let k be (-1)/2 + ((-183)/6 - -32) + 228. What is the greatest common factor of 4 and k?
1
Let l be 1 - 4 - (154 + (0 - -2)). Let s = l + 197. What is the greatest common divisor of s and 19?
19
Let x be (3/3*6)/(21/336*2). Calculate the greatest common factor of x and 2892.
12
Let i = 165 - 80. Let u = i + -76. Let b(y) = 4*y - 12. Let a be b(u). What is the highest common factor of 3 and a?
3
Let r = -45447 - -50683. What is the greatest common factor of r and 2772?
308
Suppose 6*o + 2*s + 388 = 4*o, 12 = 4*s. Suppose 0*a + 103 = -w + 3*a, 3*w + 3*a = -285. Let l = w - o. What is the greatest common factor of l and 25?
25
Let w(z) = -z**2 + 8*z + 10. Let l be w(7). Suppose -4*t = -6 + 18. Let m be (11/t - 2)/((-2)/60). Calculate the greatest common divisor of m and l.
17
Let k(v) = -31*v - 42. Let r be k(-7). Suppose -a - 136 + r = 0. Let i be ((-39)/(-3))/(1/1). Calculate the highest common factor of a and i.
13
Let b be -3*2*(-20)/6. Let x be (-74)/(-37) + (-1)/1. Let l be (x + (-38)/8)/((-54)/720). Calculate the highest common divisor of b and l.
10
Let s be ((1104/18)/(-4))/(4/(-90)). Suppose 5*g = -4*a - 71 + s, 5*a = -g + 332. Calculate the greatest common factor of 18 and a.
6
Suppose 791 = 5*y - 3*k, 5*y + 3*k - 779 = -0*y. Let b = -145 + y. Calculate the highest common factor of 32 and b.
4
Let y(d) = 58*d + 28. Let z be y(6). Let x(u) = -14*u + 5. Let t be x(-3). What is the greatest common divisor of z and t?
47
Let v = -17 + -52. Let a be 3 + v*(-1 - 0). Let i(h) = -4*h + 93. Let f be i(21). What is the greatest common divisor of f and a?
9
Let y(c) = c**3 + 19*c**2 - 14*c + 36. Let b be y(-20). Let j = b - -252. What is the greatest common factor of j and 24?
24
Let l = -6 + 19. Let u = 152 - l. Suppose 0 = 2*h + 121 - u. What is the highest common factor of 90 and h?
9
Let d(t) = -t**3 - 49*t**2 - 21. Let z be d(-49). Let j be 1595/15 - (-7)/z. Calculate the highest common divisor of j and 4.
2
Suppose 5*d = -2*l + 24, -5*d - 3*l + 11 + 15 = 0. Let x be d*(-28)/(-16) + 95. Calculate the highest common factor of x and 51.
51
Let y(p) = 39*p**2 + 5*p + 11. Let t be y(-3). Let n = t - 247. What is the highest common factor of n and 25?
25
Let l(m) = m**3 - 1194*m + 585*m + 558*m - 18 - 24*m**2. Let x be l(26). What is the highest common divisor of x and 52?
4
Let r = -505 - -499. Let q be 98/1 + 3 + r/6. Suppose 3*v + 2*f + f - 108 = 0, -4*v + 3*f = -172. What is the highest common factor of q and v?
20
Let c(u) = 2*u + 1. Let q(d) = 7*d - 1. Let f(h) = 3*c(h) - q(h). Let r be f(-3). Suppose -r*p + 11*p - 8 = 0. What is the greatest common divisor of p and 7?
1
Suppose 7*i - 112 = -0*i. Suppose -91*f + 86*f = -2*c - 198, 0 = c - 1. Calculate the highest common divisor of f and i.
8
Let r be ((-24)/(-48))/(0 - (-1)/672). Calculate the greatest common factor of r and 70.
14
Suppose -19*a = -17*a + 5*j - 852, -j = 6*a - 2612. Calculate the greatest common divisor of 1417 and a.
109
Let s = -3019 + 3222. What is the greatest common factor of 35 and s?
7
Suppose 63 = 9*h - 6*h. Suppose 51 + h = -6*n. Let g(v) = -v + 3. Let y be g(n). Calculate the greatest common factor of 6 and y.
3
Let z be 5*(-2)/1*434/(-1085). Suppose -23*r + z*q - 156 = -25*r, 0 = 5*r + 3*q - 418. Calculate the highest common factor of 4 and r.
2
Let d = -10488 + 10512. What is the highest common factor of 4020 and d?
12
Let o be (0 + -1)*(-14 + -138). Calculate the greatest common divisor of o and 2812.
76
Suppose -20*f + 207 = -15*f + 2*z, -5*z = -5. Let d = 44 - f. What is the greatest common divisor of 1 and d?
1
Let d(b) = b + 84. Suppose j = -3*j. Let i be d(j). Let t be (-4)/(25 - 704/28). What is the highest common divisor of i and t?
28
Suppose -13*k + 254 + 175 = 0. Let g(p) = -10*p - 231. Let m be g(-33). What is the greatest common divisor of m and k?
33
Let j(x) = 80*x**2 - 1048*x - 25. Let d be j(15). Calculate the greatest common divisor of d and 164.
41
Let d be 56/7 + 5 + 0 + 1. Let q be (-3)/d*-8 - 114/(-399). What is the greatest common factor of q and 11?
1
Let i = -528 + 819. Suppose i = 6*h - 333. Suppose h - 264 = -10*d. Calculate the highest common divisor of d and 4.
4
Let c(z) = z**3 + 7*z**2 + 6*z + 1. Let f be (-8)/36 + (-156)/27. Let k be c(f). Let h be k*(5/4)/((-2)/(-8)). Calculate the greatest common factor of 2 and h.
1
Suppose 7525 = 9*o - 6002. What is the greatest common factor of o and 27?
9
Let g = 598 + -413. Suppose 7*v - g = 46. Let k be 1/2 - v/(-6). What is the greatest common factor of k and 18?
6
Let r = -5505 + 5575. Calculate the highest common factor of r and 4382.
14
Let u be (-616)/1078*(-791)/2. Calculate the greatest common factor of u and 4633.
113
Let x = -289 + 414. Let y = 152 - x. Calculate the greatest common factor of 3 and y.
3
Let o = -51 + 34. Let i(q) = -3*q + 28. Let w be i(o). Let z = 143 - w. What is the greatest common factor of 8 and z?
8
Let m(l) = -l**3 + 23*l**2 - 127*l - 27. Let h be m(11). What is the greatest common factor of h and 1463?
7
Let s be -6 + (-5317)/(-13) + -7 + -1*1. What is the greatest common divisor of s and 237?
79
Let s be 2348910/390 + 0 + (-4)/(-26). What is the highest common divisor of s and 38?
19
Let l(x) = -527*x + 61. Let q be l(-7). What is the highest common divisor of 6 and q?
6
Suppose 2*n - 4*n = -5*i + 10, 0 = 3*i - 3*n + 3. Suppose -23 = -11*h + 923. Suppose -h = -i*o - 22. Calculate the greatest common factor of o and 176.
16
Suppose 2*k - 3*u - 31 = 0, -23 = -13*k + 14*k + 4*u. What is the greatest common factor of k and 85?
5
Let k be (-1 - (-28)/1) + (-3)/(-3). What is the greatest common divisor of k and 676?
4
Let m(t) = 2*t**2 - t - 2. Let b = 24 + 4. Let d = b + -26. Let j be m(d). What is the greatest common divisor of 36 and j?
4
Suppose -98 = 9*r - 242. Let b = r - -18. Suppose 0*j = 3*j - 4*k - 812, j - 277 = -5*k. What is the greatest common divisor of j and b?
34
Suppose -6*r + 1060 = 1018. Suppose 34 = -r*o + 349. Calculate the greatest common divisor of 105 and o.
15
Let r be 36 + -45 - (-28)/2. Suppose -25*u + 28*u + y - 21 = 0, -25 = -r*u - 5*y. Let o = 28 + 4. Calculate the highest common divisor of u and o.
8
Suppose -5*k - 121*r + 119*r + 549 = 0, 5*r = 3*k - 317. What is the highest common divisor of 41747 and k?
109
Let o = 72 + -43. Suppose 0*r - 696 = 5*r - 11*r. What is the greatest common divisor of o and r?
29
Suppose 610322 = -32*w + 164*w - 120958. Calculate the greatest common factor of w and 20.
20
Suppose -30 = -5*j, 6*a = 2*a - 3*j + 562. Calculate the highest common divis